{"id":36,"date":"2019-09-21T17:30:30","date_gmt":"2019-09-21T15:30:30","guid":{"rendered":"http:\/\/ouvrir-son-coeur.fr\/?page_id=36"},"modified":"2024-01-19T17:08:45","modified_gmt":"2024-01-19T16:08:45","slug":"partage-de-coeur-a-coeur","status":"publish","type":"page","link":"https:\/\/ouvrir-son-coeur.fr\/index.php\/partage-de-coeur-a-coeur\/","title":{"rendered":"Partage de c\u0153ur \u00e0 c\u0153ur"},"content":{"rendered":"<p style=\"text-align: justify;\">Sur cette page voici des cr\u00e9ations de dessins, livrets et vid\u00e9os audio, afin de partager des outils sous formes diff\u00e9rentes. C&rsquo;est avec joie que je partage de c\u0153ur \u00e0 c\u0153ur tout l&rsquo;Amour que je ressens lorsque je mets au service ma cr\u00e9ativit\u00e9.<\/p>\n\n\n<h2 class=\"wp-block-heading\">Dessins<\/h2>\n\n\n<div class=\"wp-block-image\">\n<figure class=\"aligncenter size-large\"><img loading=\"lazy\" decoding=\"async\" width=\"1024\" height=\"726\" src=\"https:\/\/ouvrir-son-coeur.fr\/wp-content\/uploads\/2022\/07\/sons-des-baleines-1-1024x726.jpg\" alt=\"\" class=\"wp-image-2019\" srcset=\"https:\/\/ouvrir-son-coeur.fr\/wp-content\/uploads\/2022\/07\/sons-des-baleines-1-1024x726.jpg 1024w, https:\/\/ouvrir-son-coeur.fr\/wp-content\/uploads\/2022\/07\/sons-des-baleines-1-300x213.jpg 300w, https:\/\/ouvrir-son-coeur.fr\/wp-content\/uploads\/2022\/07\/sons-des-baleines-1-768x544.jpg 768w, https:\/\/ouvrir-son-coeur.fr\/wp-content\/uploads\/2022\/07\/sons-des-baleines-1-1536x1088.jpg 1536w, https:\/\/ouvrir-son-coeur.fr\/wp-content\/uploads\/2022\/07\/sons-des-baleines-1-2048x1451.jpg 2048w, https:\/\/ouvrir-son-coeur.fr\/wp-content\/uploads\/2022\/07\/sons-des-baleines-1-1200x850.jpg 1200w\" sizes=\"auto, (max-width: 1024px) 100vw, 1024px\" \/><figcaption class=\"wp-element-caption\">Voici ma perception de la propagation du chant des baleines m\u00e2les, qui chantent en p\u00e9riode d&rsquo;accouplement, pour fertiliser les eaux de leurs magnifiques fr\u00e9quences. Ce qui annonce le moment de la conception des baleineaux, moment o\u00f9 les 2 aspects de la source, la femelle et le m\u00e2le, ne font qu&rsquo;Un, pour cr\u00e9er la vie et permettre \u00e0 des fr\u00e9quences de venir sur Terre, dans une nouvelle forme.<\/figcaption><\/figure>\n<\/div>\n\n<div class=\"wp-block-image\">\n<figure class=\"aligncenter size-large\"><img loading=\"lazy\" decoding=\"async\" width=\"1024\" height=\"724\" src=\"https:\/\/ouvrir-son-coeur.fr\/wp-content\/uploads\/2022\/07\/Dessin1-etoiles-copie-1024x724.jpg\" alt=\"\" class=\"wp-image-2006\" srcset=\"https:\/\/ouvrir-son-coeur.fr\/wp-content\/uploads\/2022\/07\/Dessin1-etoiles-copie-1024x724.jpg 1024w, https:\/\/ouvrir-son-coeur.fr\/wp-content\/uploads\/2022\/07\/Dessin1-etoiles-copie-300x212.jpg 300w, https:\/\/ouvrir-son-coeur.fr\/wp-content\/uploads\/2022\/07\/Dessin1-etoiles-copie-768x543.jpg 768w, https:\/\/ouvrir-son-coeur.fr\/wp-content\/uploads\/2022\/07\/Dessin1-etoiles-copie-1536x1086.jpg 1536w, https:\/\/ouvrir-son-coeur.fr\/wp-content\/uploads\/2022\/07\/Dessin1-etoiles-copie-2048x1448.jpg 2048w, https:\/\/ouvrir-son-coeur.fr\/wp-content\/uploads\/2022\/07\/Dessin1-etoiles-copie-1200x849.jpg 1200w\" sizes=\"auto, (max-width: 1024px) 100vw, 1024px\" \/><\/figure>\n<\/div>\n\n<div class=\"wp-block-image\">\n<figure class=\"aligncenter size-large\"><img loading=\"lazy\" decoding=\"async\" width=\"1024\" height=\"724\" src=\"https:\/\/ouvrir-son-coeur.fr\/wp-content\/uploads\/2022\/07\/Dessin2-etoiles-copie-1024x724.jpg\" alt=\"\" class=\"wp-image-2008\" srcset=\"https:\/\/ouvrir-son-coeur.fr\/wp-content\/uploads\/2022\/07\/Dessin2-etoiles-copie-1024x724.jpg 1024w, https:\/\/ouvrir-son-coeur.fr\/wp-content\/uploads\/2022\/07\/Dessin2-etoiles-copie-300x212.jpg 300w, https:\/\/ouvrir-son-coeur.fr\/wp-content\/uploads\/2022\/07\/Dessin2-etoiles-copie-768x543.jpg 768w, https:\/\/ouvrir-son-coeur.fr\/wp-content\/uploads\/2022\/07\/Dessin2-etoiles-copie-1536x1086.jpg 1536w, https:\/\/ouvrir-son-coeur.fr\/wp-content\/uploads\/2022\/07\/Dessin2-etoiles-copie-2048x1448.jpg 2048w, https:\/\/ouvrir-son-coeur.fr\/wp-content\/uploads\/2022\/07\/Dessin2-etoiles-copie-1200x849.jpg 1200w\" sizes=\"auto, (max-width: 1024px) 100vw, 1024px\" \/><\/figure>\n<\/div>\n\n<div class=\"wp-block-image\">\n<figure class=\"aligncenter size-full\"><img loading=\"lazy\" decoding=\"async\" width=\"842\" height=\"595\" src=\"https:\/\/ouvrir-son-coeur.fr\/wp-content\/uploads\/2022\/07\/Vaisseau-Soleil-ok.jpg\" alt=\"\" class=\"wp-image-2024\" srcset=\"https:\/\/ouvrir-son-coeur.fr\/wp-content\/uploads\/2022\/07\/Vaisseau-Soleil-ok.jpg 842w, https:\/\/ouvrir-son-coeur.fr\/wp-content\/uploads\/2022\/07\/Vaisseau-Soleil-ok-300x212.jpg 300w, https:\/\/ouvrir-son-coeur.fr\/wp-content\/uploads\/2022\/07\/Vaisseau-Soleil-ok-768x543.jpg 768w\" sizes=\"auto, (max-width: 842px) 100vw, 842px\" \/><figcaption class=\"wp-element-caption\">C&rsquo;est une repr\u00e9sentation d&rsquo;un vaisseau soleil, qui apr\u00e8s avoir franchi le sas de l&rsquo;atmosph\u00e8re terrestre, vient illuminer la surface de la Terre, et laisse appara\u00eetre une lumi\u00e8re blanche immacul\u00e9e.<\/figcaption><\/figure>\n<\/div>\n\n\n<h2 class=\"wp-block-heading\">Livrets<\/h2>\n\n\n\n<div class=\"wp-block-file\"><a id=\"wp-block-file--media-e17dffdd-a1b5-4177-a829-f2963abc3b7e\" href=\"https:\/\/ouvrir-son-coeur.fr\/wp-content\/uploads\/2022\/11\/Methodes-dintrospection.pdf\" target=\"_blank\" rel=\"noreferrer noopener\">Methodes d&rsquo;introspection<\/a><a href=\"https:\/\/ouvrir-son-coeur.fr\/wp-content\/uploads\/2022\/11\/Methodes-dintrospection.pdf\" class=\"wp-block-file__button wp-element-button\" download aria-describedby=\"wp-block-file--media-e17dffdd-a1b5-4177-a829-f2963abc3b7e\">T\u00e9l\u00e9charger<\/a><\/div>\n\n\n\n<div class=\"wp-block-file\"><a id=\"wp-block-file--media-ef78701f-a2f2-49b0-9328-f1c5f50c325a\" href=\"https:\/\/ouvrir-son-coeur.fr\/wp-content\/uploads\/2022\/12\/Reprendre-le-pouvoir-de-son-temple-interieur.pdf\" target=\"_blank\" rel=\"noreferrer noopener\">Reprendre-le-pouvoir-de-son-temple-interieur<\/a><a href=\"https:\/\/ouvrir-son-coeur.fr\/wp-content\/uploads\/2022\/12\/Reprendre-le-pouvoir-de-son-temple-interieur.pdf\" class=\"wp-block-file__button wp-element-button\" download aria-describedby=\"wp-block-file--media-ef78701f-a2f2-49b0-9328-f1c5f50c325a\">T\u00e9l\u00e9charger<\/a><\/div>\n\n\n\n<div class=\"wp-block-file\"><a id=\"wp-block-file--media-d8558666-181b-4790-9355-769ff79499eb\" href=\"https:\/\/ouvrir-son-coeur.fr\/wp-content\/uploads\/2023\/08\/Le-bien-etre-au-quotidien.pdf\" target=\"_blank\" rel=\"noreferrer noopener\">Le-bien-etre-au-quotidien<\/a><a href=\"https:\/\/ouvrir-son-coeur.fr\/wp-content\/uploads\/2023\/08\/Le-bien-etre-au-quotidien.pdf\" class=\"wp-block-file__button wp-element-button\" download aria-describedby=\"wp-block-file--media-d8558666-181b-4790-9355-769ff79499eb\">T\u00e9l\u00e9charger<\/a><\/div>\n\n\n\n<div class=\"wp-block-file\"><a id=\"wp-block-file--media-edc16033-d5a2-4e77-be4e-06f0e22d4bc9\" href=\"https:\/\/ouvrir-son-coeur.fr\/wp-content\/uploads\/2024\/01\/Inspirations.pdf\" target=\"_blank\" rel=\"noreferrer noopener\">Livre Inspirations<\/a><a href=\"https:\/\/ouvrir-son-coeur.fr\/wp-content\/uploads\/2024\/01\/Inspirations.pdf\" class=\"wp-block-file__button wp-element-button\" download aria-describedby=\"wp-block-file--media-edc16033-d5a2-4e77-be4e-06f0e22d4bc9\">T\u00e9l\u00e9charger<\/a><\/div>\n\n\n\n<h2 class=\"wp-block-heading\">Vid\u00e9os<\/h2>\n\n\n\n<figure class=\"wp-block-embed is-type-video is-provider-youtube wp-block-embed-youtube wp-embed-aspect-4-3 wp-has-aspect-ratio\"><div class=\"wp-block-embed__wrapper\">\n<iframe loading=\"lazy\" title=\"Construisons un nouveau monde ensemble!\" width=\"760\" height=\"570\" src=\"https:\/\/www.youtube.com\/embed\/5Sdd_NWb2a8?feature=oembed\" frameborder=\"0\" allow=\"accelerometer; autoplay; clipboard-write; encrypted-media; gyroscope; picture-in-picture; web-share\" allowfullscreen><\/iframe>\n<\/div><\/figure>\n\n\n\n<figure class=\"wp-block-embed is-type-video is-provider-youtube wp-block-embed-youtube wp-embed-aspect-16-9 wp-has-aspect-ratio\"><div class=\"wp-block-embed__wrapper\">\n<iframe loading=\"lazy\" title=\"La vie est un cadeau - 3 clefs pour se lib\u00e9rer\" width=\"760\" height=\"428\" src=\"https:\/\/www.youtube.com\/embed\/EqO5_jCchO8?feature=oembed\" frameborder=\"0\" allow=\"accelerometer; autoplay; clipboard-write; encrypted-media; gyroscope; picture-in-picture; web-share\" allowfullscreen><\/iframe>\n<\/div><\/figure>\n\n\n\n<figure class=\"wp-block-embed is-type-video is-provider-youtube wp-block-embed-youtube wp-embed-aspect-16-9 wp-has-aspect-ratio\"><div class=\"wp-block-embed__wrapper\">\n<iframe loading=\"lazy\" title=\"Canalisation et soin de la conscience des dauphins\" width=\"760\" height=\"428\" src=\"https:\/\/www.youtube.com\/embed\/UWWloLoP-4Y?feature=oembed\" frameborder=\"0\" allow=\"accelerometer; autoplay; clipboard-write; encrypted-media; gyroscope; picture-in-picture; web-share\" allowfullscreen><\/iframe>\n<\/div><\/figure>\n\n\n\n<figure class=\"wp-block-embed is-type-video is-provider-youtube wp-block-embed-youtube wp-embed-aspect-4-3 wp-has-aspect-ratio\"><div class=\"wp-block-embed__wrapper\">\n<iframe loading=\"lazy\" title=\"La voix du Dauphin: Apprendre \u00e0 se conna\u00eetre pour mieux rayonner\" width=\"760\" height=\"570\" src=\"https:\/\/www.youtube.com\/embed\/fEO8ibL9b4g?feature=oembed\" frameborder=\"0\" allow=\"accelerometer; autoplay; clipboard-write; encrypted-media; gyroscope; picture-in-picture; web-share\" allowfullscreen><\/iframe>\n<\/div><\/figure>\n\n\n\n<figure class=\"wp-block-embed is-type-video is-provider-youtube wp-block-embed-youtube wp-embed-aspect-4-3 wp-has-aspect-ratio\"><div class=\"wp-block-embed__wrapper\">\n<iframe loading=\"lazy\" title=\"La voix du Dauphin: \u00e9pisode 2: Enseignements des c\u00e9tac\u00e9s\" width=\"760\" height=\"570\" src=\"https:\/\/www.youtube.com\/embed\/tHiVfBAwXiQ?feature=oembed\" frameborder=\"0\" allow=\"accelerometer; autoplay; clipboard-write; encrypted-media; gyroscope; picture-in-picture; web-share\" allowfullscreen><\/iframe>\n<\/div><\/figure>\n","protected":false},"excerpt":{"rendered":"<p>Sur cette page voici des cr\u00e9ations de dessins, livrets et vid\u00e9os audio, afin de partager des outils sous formes diff\u00e9rentes. C&rsquo;est avec joie que je partage de c\u0153ur \u00e0 c\u0153ur tout l&rsquo;Amour que je ressens lorsque je mets au service ma cr\u00e9ativit\u00e9. Dessins Livrets Vid\u00e9os<\/p>\n","protected":false},"author":1,"featured_media":2278,"parent":0,"menu_order":0,"comment_status":"closed","ping_status":"closed","template":"","meta":{"footnotes":""},"class_list":["post-36","page","type-page","status-publish","has-post-thumbnail","hentry"],"yoast_head":"<!-- This site is optimized with the Yoast SEO plugin v27.2 - https:\/\/yoast.com\/product\/yoast-seo-wordpress\/ -->\n<title>Partage de c\u0153ur \u00e0 c\u0153ur - Delphine ORIEUX<\/title>\n<meta name=\"description\" content=\"Voil\u00e0 des vid\u00e9os ou outils que je partage, qui viennent tout droit du c\u0153ur.\" \/>\n<meta name=\"robots\" content=\"index, follow, max-snippet:-1, max-image-preview:large, max-video-preview:-1\" \/>\n<link rel=\"canonical\" href=\"https:\/\/ouvrir-son-coeur.fr\/index.php\/partage-de-coeur-a-coeur\/\" \/>\n<meta property=\"og:locale\" content=\"fr_FR\" \/>\n<meta property=\"og:type\" content=\"article\" \/>\n<meta property=\"og:title\" content=\"Partage de c\u0153ur \u00e0 c\u0153ur - Delphine ORIEUX\" \/>\n<meta property=\"og:description\" content=\"Voil\u00e0 des vid\u00e9os ou outils que je partage, qui viennent tout droit du c\u0153ur.\" \/>\n<meta property=\"og:url\" content=\"https:\/\/ouvrir-son-coeur.fr\/index.php\/partage-de-coeur-a-coeur\/\" \/>\n<meta property=\"og:site_name\" content=\"Delphine ORIEUX\" \/>\n<meta property=\"article:modified_time\" content=\"2024-01-19T16:08:45+00:00\" \/>\n<meta property=\"og:image\" content=\"https:\/\/ouvrir-son-coeur.fr\/wp-content\/uploads\/2022\/11\/71673114_2509801119097527_6138808206555611136_o.jpg\" \/>\n\t<meta property=\"og:image:width\" content=\"1782\" \/>\n\t<meta property=\"og:image:height\" content=\"1188\" \/>\n\t<meta property=\"og:image:type\" content=\"image\/jpeg\" \/>\n<meta name=\"twitter:card\" content=\"summary_large_image\" \/>\n<meta name=\"twitter:label1\" content=\"Dur\u00e9e de lecture estim\u00e9e\" \/>\n\t<meta name=\"twitter:data1\" content=\"2 minutes\" \/>\n<script type=\"application\/ld+json\" class=\"yoast-schema-graph\">{\"@context\":\"https:\/\/schema.org\",\"@graph\":[{\"@type\":\"WebPage\",\"@id\":\"https:\/\/ouvrir-son-coeur.fr\/index.php\/partage-de-coeur-a-coeur\/\",\"url\":\"https:\/\/ouvrir-son-coeur.fr\/index.php\/partage-de-coeur-a-coeur\/\",\"name\":\"Partage de c\u0153ur \u00e0 c\u0153ur - Delphine ORIEUX\",\"isPartOf\":{\"@id\":\"https:\/\/ouvrir-son-coeur.fr\/#website\"},\"primaryImageOfPage\":{\"@id\":\"https:\/\/ouvrir-son-coeur.fr\/index.php\/partage-de-coeur-a-coeur\/#primaryimage\"},\"image\":{\"@id\":\"https:\/\/ouvrir-son-coeur.fr\/index.php\/partage-de-coeur-a-coeur\/#primaryimage\"},\"thumbnailUrl\":\"https:\/\/ouvrir-son-coeur.fr\/wp-content\/uploads\/2022\/11\/71673114_2509801119097527_6138808206555611136_o.jpg\",\"datePublished\":\"2019-09-21T15:30:30+00:00\",\"dateModified\":\"2024-01-19T16:08:45+00:00\",\"description\":\"Voil\u00e0 des vid\u00e9os ou outils que je partage, qui viennent tout droit du c\u0153ur.\",\"breadcrumb\":{\"@id\":\"https:\/\/ouvrir-son-coeur.fr\/index.php\/partage-de-coeur-a-coeur\/#breadcrumb\"},\"inLanguage\":\"fr-FR\",\"potentialAction\":[{\"@type\":\"ReadAction\",\"target\":[\"https:\/\/ouvrir-son-coeur.fr\/index.php\/partage-de-coeur-a-coeur\/\"]}]},{\"@type\":\"ImageObject\",\"inLanguage\":\"fr-FR\",\"@id\":\"https:\/\/ouvrir-son-coeur.fr\/index.php\/partage-de-coeur-a-coeur\/#primaryimage\",\"url\":\"https:\/\/ouvrir-son-coeur.fr\/wp-content\/uploads\/2022\/11\/71673114_2509801119097527_6138808206555611136_o.jpg\",\"contentUrl\":\"https:\/\/ouvrir-son-coeur.fr\/wp-content\/uploads\/2022\/11\/71673114_2509801119097527_6138808206555611136_o.jpg\",\"width\":1782,\"height\":1188},{\"@type\":\"BreadcrumbList\",\"@id\":\"https:\/\/ouvrir-son-coeur.fr\/index.php\/partage-de-coeur-a-coeur\/#breadcrumb\",\"itemListElement\":[{\"@type\":\"ListItem\",\"position\":1,\"name\":\"Accueil\",\"item\":\"https:\/\/ouvrir-son-coeur.fr\/\"},{\"@type\":\"ListItem\",\"position\":2,\"name\":\"Partage de c\u0153ur \u00e0 c\u0153ur\"}]},{\"@type\":\"WebSite\",\"@id\":\"https:\/\/ouvrir-son-coeur.fr\/#website\",\"url\":\"https:\/\/ouvrir-son-coeur.fr\/\",\"name\":\"Delphine ORIEUX\",\"description\":\"Ouvrir son coeur pour un retour \u00e0 soi\",\"publisher\":{\"@id\":\"https:\/\/ouvrir-son-coeur.fr\/#organization\"},\"potentialAction\":[{\"@type\":\"SearchAction\",\"target\":{\"@type\":\"EntryPoint\",\"urlTemplate\":\"https:\/\/ouvrir-son-coeur.fr\/?s={search_term_string}\"},\"query-input\":{\"@type\":\"PropertyValueSpecification\",\"valueRequired\":true,\"valueName\":\"search_term_string\"}}],\"inLanguage\":\"fr-FR\"},{\"@type\":\"Organization\",\"@id\":\"https:\/\/ouvrir-son-coeur.fr\/#organization\",\"name\":\"Delphine ORIEUX\",\"url\":\"https:\/\/ouvrir-son-coeur.fr\/\",\"logo\":{\"@type\":\"ImageObject\",\"inLanguage\":\"fr-FR\",\"@id\":\"https:\/\/ouvrir-son-coeur.fr\/#\/schema\/logo\/image\/\",\"url\":\"https:\/\/ouvrir-son-coeur.fr\/wp-content\/uploads\/2019\/10\/cropped-71673114_2509801119097527_6138808206555611136_o-15.jpg\",\"contentUrl\":\"https:\/\/ouvrir-son-coeur.fr\/wp-content\/uploads\/2019\/10\/cropped-71673114_2509801119097527_6138808206555611136_o-15.jpg\",\"width\":546,\"height\":505,\"caption\":\"Delphine ORIEUX\"},\"image\":{\"@id\":\"https:\/\/ouvrir-son-coeur.fr\/#\/schema\/logo\/image\/\"}}]}<\/script>\n<!-- \/ Yoast SEO plugin. -->","yoast_head_json":{"title":"Partage de c\u0153ur \u00e0 c\u0153ur - Delphine ORIEUX","description":"Voil\u00e0 des vid\u00e9os ou outils que je partage, qui viennent tout droit du c\u0153ur.","robots":{"index":"index","follow":"follow","max-snippet":"max-snippet:-1","max-image-preview":"max-image-preview:large","max-video-preview":"max-video-preview:-1"},"canonical":"https:\/\/ouvrir-son-coeur.fr\/index.php\/partage-de-coeur-a-coeur\/","og_locale":"fr_FR","og_type":"article","og_title":"Partage de c\u0153ur \u00e0 c\u0153ur - Delphine ORIEUX","og_description":"Voil\u00e0 des vid\u00e9os ou outils que je partage, qui viennent tout droit du c\u0153ur.","og_url":"https:\/\/ouvrir-son-coeur.fr\/index.php\/partage-de-coeur-a-coeur\/","og_site_name":"Delphine ORIEUX","article_modified_time":"2024-01-19T16:08:45+00:00","og_image":[{"width":1782,"height":1188,"url":"https:\/\/ouvrir-son-coeur.fr\/wp-content\/uploads\/2022\/11\/71673114_2509801119097527_6138808206555611136_o.jpg","type":"image\/jpeg"}],"twitter_card":"summary_large_image","twitter_misc":{"Dur\u00e9e de lecture estim\u00e9e":"2 minutes"},"schema":{"@context":"https:\/\/schema.org","@graph":[{"@type":"WebPage","@id":"https:\/\/ouvrir-son-coeur.fr\/index.php\/partage-de-coeur-a-coeur\/","url":"https:\/\/ouvrir-son-coeur.fr\/index.php\/partage-de-coeur-a-coeur\/","name":"Partage de c\u0153ur \u00e0 c\u0153ur - Delphine ORIEUX","isPartOf":{"@id":"https:\/\/ouvrir-son-coeur.fr\/#website"},"primaryImageOfPage":{"@id":"https:\/\/ouvrir-son-coeur.fr\/index.php\/partage-de-coeur-a-coeur\/#primaryimage"},"image":{"@id":"https:\/\/ouvrir-son-coeur.fr\/index.php\/partage-de-coeur-a-coeur\/#primaryimage"},"thumbnailUrl":"https:\/\/ouvrir-son-coeur.fr\/wp-content\/uploads\/2022\/11\/71673114_2509801119097527_6138808206555611136_o.jpg","datePublished":"2019-09-21T15:30:30+00:00","dateModified":"2024-01-19T16:08:45+00:00","description":"Voil\u00e0 des vid\u00e9os ou outils que je partage, qui viennent tout droit du c\u0153ur.","breadcrumb":{"@id":"https:\/\/ouvrir-son-coeur.fr\/index.php\/partage-de-coeur-a-coeur\/#breadcrumb"},"inLanguage":"fr-FR","potentialAction":[{"@type":"ReadAction","target":["https:\/\/ouvrir-son-coeur.fr\/index.php\/partage-de-coeur-a-coeur\/"]}]},{"@type":"ImageObject","inLanguage":"fr-FR","@id":"https:\/\/ouvrir-son-coeur.fr\/index.php\/partage-de-coeur-a-coeur\/#primaryimage","url":"https:\/\/ouvrir-son-coeur.fr\/wp-content\/uploads\/2022\/11\/71673114_2509801119097527_6138808206555611136_o.jpg","contentUrl":"https:\/\/ouvrir-son-coeur.fr\/wp-content\/uploads\/2022\/11\/71673114_2509801119097527_6138808206555611136_o.jpg","width":1782,"height":1188},{"@type":"BreadcrumbList","@id":"https:\/\/ouvrir-son-coeur.fr\/index.php\/partage-de-coeur-a-coeur\/#breadcrumb","itemListElement":[{"@type":"ListItem","position":1,"name":"Accueil","item":"https:\/\/ouvrir-son-coeur.fr\/"},{"@type":"ListItem","position":2,"name":"Partage de c\u0153ur \u00e0 c\u0153ur"}]},{"@type":"WebSite","@id":"https:\/\/ouvrir-son-coeur.fr\/#website","url":"https:\/\/ouvrir-son-coeur.fr\/","name":"Delphine ORIEUX","description":"Ouvrir son coeur pour un retour \u00e0 soi","publisher":{"@id":"https:\/\/ouvrir-son-coeur.fr\/#organization"},"potentialAction":[{"@type":"SearchAction","target":{"@type":"EntryPoint","urlTemplate":"https:\/\/ouvrir-son-coeur.fr\/?s={search_term_string}"},"query-input":{"@type":"PropertyValueSpecification","valueRequired":true,"valueName":"search_term_string"}}],"inLanguage":"fr-FR"},{"@type":"Organization","@id":"https:\/\/ouvrir-son-coeur.fr\/#organization","name":"Delphine ORIEUX","url":"https:\/\/ouvrir-son-coeur.fr\/","logo":{"@type":"ImageObject","inLanguage":"fr-FR","@id":"https:\/\/ouvrir-son-coeur.fr\/#\/schema\/logo\/image\/","url":"https:\/\/ouvrir-son-coeur.fr\/wp-content\/uploads\/2019\/10\/cropped-71673114_2509801119097527_6138808206555611136_o-15.jpg","contentUrl":"https:\/\/ouvrir-son-coeur.fr\/wp-content\/uploads\/2019\/10\/cropped-71673114_2509801119097527_6138808206555611136_o-15.jpg","width":546,"height":505,"caption":"Delphine ORIEUX"},"image":{"@id":"https:\/\/ouvrir-son-coeur.fr\/#\/schema\/logo\/image\/"}}]}},"_links":{"self":[{"href":"https:\/\/ouvrir-son-coeur.fr\/index.php\/wp-json\/wp\/v2\/pages\/36","targetHints":{"allow":["GET"]}}],"collection":[{"href":"https:\/\/ouvrir-son-coeur.fr\/index.php\/wp-json\/wp\/v2\/pages"}],"about":[{"href":"https:\/\/ouvrir-son-coeur.fr\/index.php\/wp-json\/wp\/v2\/types\/page"}],"author":[{"embeddable":true,"href":"https:\/\/ouvrir-son-coeur.fr\/index.php\/wp-json\/wp\/v2\/users\/1"}],"replies":[{"embeddable":true,"href":"https:\/\/ouvrir-son-coeur.fr\/index.php\/wp-json\/wp\/v2\/comments?post=36"}],"version-history":[{"count":67,"href":"https:\/\/ouvrir-son-coeur.fr\/index.php\/wp-json\/wp\/v2\/pages\/36\/revisions"}],"predecessor-version":[{"id":2787,"href":"https:\/\/ouvrir-son-coeur.fr\/index.php\/wp-json\/wp\/v2\/pages\/36\/revisions\/2787"}],"wp:featuredmedia":[{"embeddable":true,"href":"https:\/\/ouvrir-son-coeur.fr\/index.php\/wp-json\/wp\/v2\/media\/2278"}],"wp:attachment":[{"href":"https:\/\/ouvrir-son-coeur.fr\/index.php\/wp-json\/wp\/v2\/media?parent=36"}],"curies":[{"name":"wp","href":"https:\/\/api.w.org\/{rel}","templated":true}]}}